{"id":38786,"date":"2026-01-09T11:55:52","date_gmt":"2026-01-09T10:55:52","guid":{"rendered":"https:\/\/fain.es\/producto\/lloguer-datrezzo-per-a-cinema\/"},"modified":"2026-03-20T12:29:33","modified_gmt":"2026-03-20T11:29:33","slug":"lloguer-datrezzo-per-a-cinema","status":"publish","type":"producto","link":"https:\/\/fain.es\/ca\/producte\/lloguer-datrezzo-per-a-cinema\/","title":{"rendered":"Lloguer d&#8217;atrezzo per a cinema"},"content":{"rendered":"\n<p>Des de fa anys, col\u00b7laborem amb productores nacionals i internacionals en el desenvolupament dels seus treballs audiovisuals a trav\u00e9s del <strong>lloguer d&#8217;atrezzo per a cinema, televisi\u00f3, v\u00eddeos musicals<\/strong> i molt m\u00e9s. Descobreix com et podem ajudar a dur a terme els decorats desitjats en la producci\u00f3 de la teva obra amb els nostres ascensors, plataformes d&#8217;elevaci\u00f3, botoneres, portes d&#8217;ascensor i molt m\u00e9s. <\/p>\n\n<p>Amb pres\u00e8ncia al <strong>decorat de s\u00e8ries de televisi\u00f3<\/strong> com Camera Caf\u00e8, La casa de paper o el Ministeri del temps, pel\u00b7l\u00edcules com El bon patr\u00f3 o v\u00eddeos musicals com Quarter Past Midnight, del grup musical Bastille, hem participat en m\u00e9s de 30 produccions al llarg dels darrers anys.<\/p>\n\n<p>Entre l&#8217; <strong>atrezzo i decorats per a cinema i televisi\u00f3<\/strong> disponible, podeu trobar botoneres de cabina i de pis per separat, portes, estructura per a l&#8217;interior de l&#8217;ascensor, passamans, o tot incl\u00f2s; \u00e9s a dir: cabina d\u00b4ascensor completa per a 6 persones i 450 quilograms amb el seu operador incl\u00f2s, un simulador, botoneres exteriors i porta exterior.<\/p>\n\n<p>Si contacteu amb nosaltres, us oferim la possibilitat d&#8217;adquirir l&#8217;atrezzo per a cinema, fotografia, televisi\u00f3 o v\u00eddeos musicals o b\u00e9 el <strong>lloguer de decorats<\/strong> , que cedim a les productores durant la durada del rodatge o el desenvolupament de la producci\u00f3<\/p>\n","protected":false},"excerpt":{"rendered":"<p>Si vols llogar o adquirir atrezzo i decorats per a produccions audiovisuals, a FAIN oferim materials relatius a l&#8217;elevaci\u00f3 i els ascensors.<\/p>\n","protected":false},"author":110141,"parent":0,"menu_order":7,"template":"","class_list":["post-38786","producto","type-producto","status-publish","hentry"],"acf":[],"yoast_head":"<!-- This site is optimized with the Yoast SEO plugin v27.5 - https:\/\/yoast.com\/product\/yoast-seo-wordpress\/ -->\n<title>Lloguer d&#039;atrezzo i decorats per a cinema i televisi\u00f3 - FAIN<\/title>\n<meta name=\"description\" content=\"Si vols llogar o adquirir atrezzo i decorats per a produccions audiovisuals, a FAIN oferim materials relatius a l&#039;elevaci\u00f3 i els ascensors.\" \/>\n<meta name=\"robots\" content=\"index, follow, max-snippet:-1, max-image-preview:large, max-video-preview:-1\" \/>\n<link rel=\"canonical\" href=\"https:\/\/fain.es\/ca\/producte\/lloguer-datrezzo-per-a-cinema\/\" \/>\n<meta property=\"og:locale\" content=\"ca_ES\" \/>\n<meta property=\"og:type\" content=\"article\" \/>\n<meta property=\"og:title\" content=\"Lloguer d&#039;atrezzo i decorats per a cinema i televisi\u00f3 - FAIN\" \/>\n<meta property=\"og:description\" content=\"Si vols llogar o adquirir atrezzo i decorats per a produccions audiovisuals, a FAIN oferim materials relatius a l&#039;elevaci\u00f3 i els ascensors.\" \/>\n<meta property=\"og:url\" content=\"https:\/\/fain.es\/ca\/producte\/lloguer-datrezzo-per-a-cinema\/\" \/>\n<meta property=\"og:site_name\" content=\"FAIN\" \/>\n<meta property=\"article:modified_time\" content=\"2026-03-20T11:29:33+00:00\" \/>\n<meta name=\"twitter:card\" content=\"summary_large_image\" \/>\n<meta name=\"twitter:label1\" content=\"Temps estimat de lectura\" \/>\n\t<meta name=\"twitter:data1\" content=\"1 minut\" \/>\n<script type=\"application\/ld+json\" class=\"yoast-schema-graph\">{\"@context\":\"https:\\\/\\\/schema.org\",\"@graph\":[{\"@type\":\"WebPage\",\"@id\":\"https:\\\/\\\/fain.es\\\/ca\\\/producte\\\/lloguer-datrezzo-per-a-cinema\\\/\",\"url\":\"https:\\\/\\\/fain.es\\\/ca\\\/producte\\\/lloguer-datrezzo-per-a-cinema\\\/\",\"name\":\"Lloguer d'atrezzo i decorats per a cinema i televisi\u00f3 - FAIN\",\"isPartOf\":{\"@id\":\"https:\\\/\\\/fain.es\\\/ca\\\/#website\"},\"datePublished\":\"2026-01-09T10:55:52+00:00\",\"dateModified\":\"2026-03-20T11:29:33+00:00\",\"description\":\"Si vols llogar o adquirir atrezzo i decorats per a produccions audiovisuals, a FAIN oferim materials relatius a l'elevaci\u00f3 i els ascensors.\",\"breadcrumb\":{\"@id\":\"https:\\\/\\\/fain.es\\\/ca\\\/producte\\\/lloguer-datrezzo-per-a-cinema\\\/#breadcrumb\"},\"inLanguage\":\"ca\",\"potentialAction\":[{\"@type\":\"ReadAction\",\"target\":[\"https:\\\/\\\/fain.es\\\/ca\\\/producte\\\/lloguer-datrezzo-per-a-cinema\\\/\"]}]},{\"@type\":\"BreadcrumbList\",\"@id\":\"https:\\\/\\\/fain.es\\\/ca\\\/producte\\\/lloguer-datrezzo-per-a-cinema\\\/#breadcrumb\",\"itemListElement\":[{\"@type\":\"ListItem\",\"position\":1,\"name\":\"Portada\",\"item\":\"https:\\\/\\\/fain.es\\\/ca\\\/fain-ascensors\\\/\"},{\"@type\":\"ListItem\",\"position\":2,\"name\":\"Lloguer d&#8217;atrezzo per a cinema\"}]},{\"@type\":\"WebSite\",\"@id\":\"https:\\\/\\\/fain.es\\\/ca\\\/#website\",\"url\":\"https:\\\/\\\/fain.es\\\/ca\\\/\",\"name\":\"FAIN\",\"description\":\"\",\"potentialAction\":[{\"@type\":\"SearchAction\",\"target\":{\"@type\":\"EntryPoint\",\"urlTemplate\":\"https:\\\/\\\/fain.es\\\/ca\\\/?s={search_term_string}\"},\"query-input\":{\"@type\":\"PropertyValueSpecification\",\"valueRequired\":true,\"valueName\":\"search_term_string\"}}],\"inLanguage\":\"ca\"}]}<\/script>\n<!-- \/ Yoast SEO plugin. -->","yoast_head_json":{"title":"Lloguer d'atrezzo i decorats per a cinema i televisi\u00f3 - FAIN","description":"Si vols llogar o adquirir atrezzo i decorats per a produccions audiovisuals, a FAIN oferim materials relatius a l'elevaci\u00f3 i els ascensors.","robots":{"index":"index","follow":"follow","max-snippet":"max-snippet:-1","max-image-preview":"max-image-preview:large","max-video-preview":"max-video-preview:-1"},"canonical":"https:\/\/fain.es\/ca\/producte\/lloguer-datrezzo-per-a-cinema\/","og_locale":"ca_ES","og_type":"article","og_title":"Lloguer d'atrezzo i decorats per a cinema i televisi\u00f3 - FAIN","og_description":"Si vols llogar o adquirir atrezzo i decorats per a produccions audiovisuals, a FAIN oferim materials relatius a l'elevaci\u00f3 i els ascensors.","og_url":"https:\/\/fain.es\/ca\/producte\/lloguer-datrezzo-per-a-cinema\/","og_site_name":"FAIN","article_modified_time":"2026-03-20T11:29:33+00:00","twitter_card":"summary_large_image","twitter_misc":{"Temps estimat de lectura":"1 minut"},"schema":{"@context":"https:\/\/schema.org","@graph":[{"@type":"WebPage","@id":"https:\/\/fain.es\/ca\/producte\/lloguer-datrezzo-per-a-cinema\/","url":"https:\/\/fain.es\/ca\/producte\/lloguer-datrezzo-per-a-cinema\/","name":"Lloguer d'atrezzo i decorats per a cinema i televisi\u00f3 - FAIN","isPartOf":{"@id":"https:\/\/fain.es\/ca\/#website"},"datePublished":"2026-01-09T10:55:52+00:00","dateModified":"2026-03-20T11:29:33+00:00","description":"Si vols llogar o adquirir atrezzo i decorats per a produccions audiovisuals, a FAIN oferim materials relatius a l'elevaci\u00f3 i els ascensors.","breadcrumb":{"@id":"https:\/\/fain.es\/ca\/producte\/lloguer-datrezzo-per-a-cinema\/#breadcrumb"},"inLanguage":"ca","potentialAction":[{"@type":"ReadAction","target":["https:\/\/fain.es\/ca\/producte\/lloguer-datrezzo-per-a-cinema\/"]}]},{"@type":"BreadcrumbList","@id":"https:\/\/fain.es\/ca\/producte\/lloguer-datrezzo-per-a-cinema\/#breadcrumb","itemListElement":[{"@type":"ListItem","position":1,"name":"Portada","item":"https:\/\/fain.es\/ca\/fain-ascensors\/"},{"@type":"ListItem","position":2,"name":"Lloguer d&#8217;atrezzo per a cinema"}]},{"@type":"WebSite","@id":"https:\/\/fain.es\/ca\/#website","url":"https:\/\/fain.es\/ca\/","name":"FAIN","description":"","potentialAction":[{"@type":"SearchAction","target":{"@type":"EntryPoint","urlTemplate":"https:\/\/fain.es\/ca\/?s={search_term_string}"},"query-input":{"@type":"PropertyValueSpecification","valueRequired":true,"valueName":"search_term_string"}}],"inLanguage":"ca"}]}},"_links":{"self":[{"href":"https:\/\/fain.es\/ca\/wp-json\/wp\/v2\/producto\/38786","targetHints":{"allow":["GET"]}}],"collection":[{"href":"https:\/\/fain.es\/ca\/wp-json\/wp\/v2\/producto"}],"about":[{"href":"https:\/\/fain.es\/ca\/wp-json\/wp\/v2\/types\/producto"}],"author":[{"embeddable":true,"href":"https:\/\/fain.es\/ca\/wp-json\/wp\/v2\/users\/110141"}],"version-history":[{"count":2,"href":"https:\/\/fain.es\/ca\/wp-json\/wp\/v2\/producto\/38786\/revisions"}],"predecessor-version":[{"id":38829,"href":"https:\/\/fain.es\/ca\/wp-json\/wp\/v2\/producto\/38786\/revisions\/38829"}],"wp:attachment":[{"href":"https:\/\/fain.es\/ca\/wp-json\/wp\/v2\/media?parent=38786"}],"curies":[{"name":"wp","href":"https:\/\/api.w.org\/{rel}","templated":true}]}}

<p>Des de fa anys, col·laborem amb productores nacionals i internacionals en el desenvolupament dels seus treballs audiovisuals a través del <strong>lloguer d&#8217;atrezzo per a cinema, televisió, vídeos musicals</strong> i molt més. Descobreix com et podem ajudar a dur a terme els decorats desitjats en la producció de la teva obra amb els nostres ascensors, plataformes d&#8217;elevació, botoneres, portes d&#8217;ascensor i molt més. </p>

<p>Amb presència al <strong>decorat de sèries de televisió</strong> com Camera Cafè, La casa de paper o el Ministeri del temps, pel·lícules com El bon patró o vídeos musicals com Quarter Past Midnight, del grup musical Bastille, hem participat en més de 30 produccions al llarg dels darrers anys.</p>

<p>Entre l&#8217; <strong>atrezzo i decorats per a cinema i televisió</strong> disponible, podeu trobar botoneres de cabina i de pis per separat, portes, estructura per a l&#8217;interior de l&#8217;ascensor, passamans, o tot inclòs; és a dir: cabina d´ascensor completa per a 6 persones i 450 quilograms amb el seu operador inclòs, un simulador, botoneres exteriors i porta exterior.</p>

<p>Si contacteu amb nosaltres, us oferim la possibilitat d&#8217;adquirir l&#8217;atrezzo per a cinema, fotografia, televisió o vídeos musicals o bé el <strong>lloguer de decorats</strong> , que cedim a les productores durant la durada del rodatge o el desenvolupament de la producció</p>

<p>Si vols llogar o adquirir atrezzo i decorats per a produccions audiovisuals, a FAIN oferim materials relatius a l&#8217;elevació i els ascensors.</p>

<!-- This site is optimized with the Yoast SEO plugin v27.5 - https://yoast.com/product/yoast-seo-wordpress/ -->
<title>Lloguer d&#039;atrezzo i decorats per a cinema i televisió - FAIN</title>
<meta name="description" content="Si vols llogar o adquirir atrezzo i decorats per a produccions audiovisuals, a FAIN oferim materials relatius a l&#039;elevació i els ascensors." />
<meta name="robots" content="index, follow, max-snippet:-1, max-image-preview:large, max-video-preview:-1" />
<link rel="canonical" href="https://fain.es/ca/producte/lloguer-datrezzo-per-a-cinema/" />
<meta property="og:locale" content="ca_ES" />
<meta property="og:type" content="article" />
<meta property="og:title" content="Lloguer d&#039;atrezzo i decorats per a cinema i televisió - FAIN" />
<meta property="og:description" content="Si vols llogar o adquirir atrezzo i decorats per a produccions audiovisuals, a FAIN oferim materials relatius a l&#039;elevació i els ascensors." />
<meta property="og:url" content="https://fain.es/ca/producte/lloguer-datrezzo-per-a-cinema/" />
<meta property="og:site_name" content="FAIN" />
<meta property="article:modified_time" content="2026-03-20T11:29:33+00:00" />
<meta name="twitter:card" content="summary_large_image" />
<meta name="twitter:label1" content="Temps estimat de lectura" />
	<meta name="twitter:data1" content="1 minut" />
<script type="application/ld+json" class="yoast-schema-graph">{"@context":"https:\/\/schema.org","@graph":[{"@type":"WebPage","@id":"https:\/\/fain.es\/ca\/producte\/lloguer-datrezzo-per-a-cinema\/","url":"https:\/\/fain.es\/ca\/producte\/lloguer-datrezzo-per-a-cinema\/","name":"Lloguer d'atrezzo i decorats per a cinema i televisió - FAIN","isPartOf":{"@id":"https:\/\/fain.es\/ca\/#website"},"datePublished":"2026-01-09T10:55:52+00:00","dateModified":"2026-03-20T11:29:33+00:00","description":"Si vols llogar o adquirir atrezzo i decorats per a produccions audiovisuals, a FAIN oferim materials relatius a l'elevació i els ascensors.","breadcrumb":{"@id":"https:\/\/fain.es\/ca\/producte\/lloguer-datrezzo-per-a-cinema\/#breadcrumb"},"inLanguage":"ca","potentialAction":[{"@type":"ReadAction","target":["https:\/\/fain.es\/ca\/producte\/lloguer-datrezzo-per-a-cinema\/"]}]},{"@type":"BreadcrumbList","@id":"https:\/\/fain.es\/ca\/producte\/lloguer-datrezzo-per-a-cinema\/#breadcrumb","itemListElement":[{"@type":"ListItem","position":1,"name":"Portada","item":"https:\/\/fain.es\/ca\/fain-ascensors\/"},{"@type":"ListItem","position":2,"name":"Lloguer d&#8217;atrezzo per a cinema"}]},{"@type":"WebSite","@id":"https:\/\/fain.es\/ca\/#website","url":"https:\/\/fain.es\/ca\/","name":"FAIN","description":"","potentialAction":[{"@type":"SearchAction","target":{"@type":"EntryPoint","urlTemplate":"https:\/\/fain.es\/ca\/?s={search_term_string}"},"query-input":{"@type":"PropertyValueSpecification","valueRequired":true,"valueName":"search_term_string"}}],"inLanguage":"ca"}]}</script>
<!-- / Yoast SEO plugin. -->

Lloguer d'atrezzo i decorats per a cinema i televisió - FAIN

Si vols llogar o adquirir atrezzo i decorats per a produccions audiovisuals, a FAIN oferim materials relatius a l'elevació i els ascensors.
