{"id":39088,"date":"2026-01-09T11:09:30","date_gmt":"2026-01-09T10:09:30","guid":{"rendered":"https:\/\/fain.es\/premsa\/"},"modified":"2026-03-30T13:41:31","modified_gmt":"2026-03-30T11:41:31","slug":"premsa","status":"publish","type":"page","link":"https:\/\/fain.es\/ca\/qui-som\/premsa\/","title":{"rendered":"Premsa"},"content":{"rendered":"\n<p>La nostra companyia es caracteritza per la seva <strong>solidesa<\/strong> , el seu <strong>creixement constant<\/strong> i una clara vocaci\u00f3 de <strong>llarg termini<\/strong> . Per si aix\u00f2 no fos poc, tenim l&#8217;equip m\u00e9s ben format del sector, i entre els nostres valors destaquen el Talent, l&#8217;Empenta i la Flexibilitat.   <\/p>\n\n<p><strong>Ens mouen les persones<\/strong> . Per aix\u00f2 treballem per millorar-ne la qualitat de vida; especialment, la de la gent gran i amb mobilitat redu\u00efda. <\/p>\n\n<p>Estem <strong>presents en tots els \u00e0mbits<\/strong> : residencial, comercial, laboral i de lleure. Som capa\u00e7os de donar servei a tot tipus d&#8217;equips i marques al sector de la mobilitat. <\/p>\n\n<p>A m\u00e9s, la nostra capacitat d&#8217;incorporar prestacions de la <strong>tecnologia m\u00e9s alta<\/strong> amb productes del fabricant Mitsubishi, del qual som distribu\u00efdor, fa de FAIN un soci rellevant per a obres i projectes de tota escala.<\/p>\n\n<p>T&#8217;animes a comprovar-ho?<\/p>\n","protected":false},"excerpt":{"rendered":"<p>La nostra companyia es caracteritza per la seva solidesa , el seu creixement constant i una clara vocaci\u00f3 de llarg termini . Per si aix\u00f2 no fos poc, tenim l&#8217;equip m\u00e9s ben format del sector, i entre els nostres valors destaquen el Talent, l&#8217;Empenta i la Flexibilitat. Ens mouen les persones . Per aix\u00f2 treballem [&hellip;]<\/p>\n","protected":false},"author":110141,"featured_media":0,"parent":39137,"menu_order":2,"comment_status":"closed","ping_status":"closed","template":"template-prensa.php","meta":{"_acf_changed":false,"inline_featured_image":false,"footnotes":""},"class_list":["post-39088","page","type-page","status-publish","hentry"],"acf":[],"yoast_head":"<!-- This site is optimized with the Yoast SEO plugin v27.5 - https:\/\/yoast.com\/product\/yoast-seo-wordpress\/ -->\n<title>Aparicions de FAIN Ascensors a Premsa - FAIN<\/title>\n<meta name=\"description\" content=\"Qu\u00e8 diu la premsa sobre FAIN Ascensors? Troba totes les not\u00edcies relatives a la nostra empresa en aquesta p\u00e0gina.\" \/>\n<meta name=\"robots\" content=\"index, nofollow, max-snippet:-1, max-image-preview:large, max-video-preview:-1\" \/>\n<link rel=\"canonical\" href=\"https:\/\/fain.es\/ca\/qui-som\/premsa\/\" \/>\n<meta property=\"og:locale\" content=\"ca_ES\" \/>\n<meta property=\"og:type\" content=\"article\" \/>\n<meta property=\"og:title\" content=\"Aparicions de FAIN Ascensors a Premsa - FAIN\" \/>\n<meta property=\"og:description\" content=\"Qu\u00e8 diu la premsa sobre FAIN Ascensors? Troba totes les not\u00edcies relatives a la nostra empresa en aquesta p\u00e0gina.\" \/>\n<meta property=\"og:url\" content=\"https:\/\/fain.es\/ca\/qui-som\/premsa\/\" \/>\n<meta property=\"og:site_name\" content=\"FAIN\" \/>\n<meta property=\"article:modified_time\" content=\"2026-03-30T11:41:31+00:00\" \/>\n<meta name=\"twitter:card\" content=\"summary_large_image\" \/>\n<meta name=\"twitter:label1\" content=\"Temps estimat de lectura\" \/>\n\t<meta name=\"twitter:data1\" content=\"1 minut\" \/>\n<script type=\"application\/ld+json\" class=\"yoast-schema-graph\">{\"@context\":\"https:\\\/\\\/schema.org\",\"@graph\":[{\"@type\":\"WebPage\",\"@id\":\"https:\\\/\\\/fain.es\\\/ca\\\/qui-som\\\/premsa\\\/\",\"url\":\"https:\\\/\\\/fain.es\\\/ca\\\/qui-som\\\/premsa\\\/\",\"name\":\"Aparicions de FAIN Ascensors a Premsa - FAIN\",\"isPartOf\":{\"@id\":\"https:\\\/\\\/fain.es\\\/ca\\\/#website\"},\"datePublished\":\"2026-01-09T10:09:30+00:00\",\"dateModified\":\"2026-03-30T11:41:31+00:00\",\"description\":\"Qu\u00e8 diu la premsa sobre FAIN Ascensors? Troba totes les not\u00edcies relatives a la nostra empresa en aquesta p\u00e0gina.\",\"breadcrumb\":{\"@id\":\"https:\\\/\\\/fain.es\\\/ca\\\/qui-som\\\/premsa\\\/#breadcrumb\"},\"inLanguage\":\"ca\",\"potentialAction\":[{\"@type\":\"ReadAction\",\"target\":[\"https:\\\/\\\/fain.es\\\/ca\\\/qui-som\\\/premsa\\\/\"]}]},{\"@type\":\"BreadcrumbList\",\"@id\":\"https:\\\/\\\/fain.es\\\/ca\\\/qui-som\\\/premsa\\\/#breadcrumb\",\"itemListElement\":[{\"@type\":\"ListItem\",\"position\":1,\"name\":\"Portada\",\"item\":\"https:\\\/\\\/fain.es\\\/ca\\\/fain-ascensors\\\/\"},{\"@type\":\"ListItem\",\"position\":2,\"name\":\"Qui Som\",\"item\":\"https:\\\/\\\/fain.es\\\/ca\\\/qui-som\\\/\"},{\"@type\":\"ListItem\",\"position\":3,\"name\":\"Premsa\"}]},{\"@type\":\"WebSite\",\"@id\":\"https:\\\/\\\/fain.es\\\/ca\\\/#website\",\"url\":\"https:\\\/\\\/fain.es\\\/ca\\\/\",\"name\":\"FAIN\",\"description\":\"\",\"potentialAction\":[{\"@type\":\"SearchAction\",\"target\":{\"@type\":\"EntryPoint\",\"urlTemplate\":\"https:\\\/\\\/fain.es\\\/ca\\\/?s={search_term_string}\"},\"query-input\":{\"@type\":\"PropertyValueSpecification\",\"valueRequired\":true,\"valueName\":\"search_term_string\"}}],\"inLanguage\":\"ca\"}]}<\/script>\n<!-- \/ Yoast SEO plugin. -->","yoast_head_json":{"title":"Aparicions de FAIN Ascensors a Premsa - FAIN","description":"Qu\u00e8 diu la premsa sobre FAIN Ascensors? Troba totes les not\u00edcies relatives a la nostra empresa en aquesta p\u00e0gina.","robots":{"index":"index","follow":"nofollow","max-snippet":"max-snippet:-1","max-image-preview":"max-image-preview:large","max-video-preview":"max-video-preview:-1"},"canonical":"https:\/\/fain.es\/ca\/qui-som\/premsa\/","og_locale":"ca_ES","og_type":"article","og_title":"Aparicions de FAIN Ascensors a Premsa - FAIN","og_description":"Qu\u00e8 diu la premsa sobre FAIN Ascensors? Troba totes les not\u00edcies relatives a la nostra empresa en aquesta p\u00e0gina.","og_url":"https:\/\/fain.es\/ca\/qui-som\/premsa\/","og_site_name":"FAIN","article_modified_time":"2026-03-30T11:41:31+00:00","twitter_card":"summary_large_image","twitter_misc":{"Temps estimat de lectura":"1 minut"},"schema":{"@context":"https:\/\/schema.org","@graph":[{"@type":"WebPage","@id":"https:\/\/fain.es\/ca\/qui-som\/premsa\/","url":"https:\/\/fain.es\/ca\/qui-som\/premsa\/","name":"Aparicions de FAIN Ascensors a Premsa - FAIN","isPartOf":{"@id":"https:\/\/fain.es\/ca\/#website"},"datePublished":"2026-01-09T10:09:30+00:00","dateModified":"2026-03-30T11:41:31+00:00","description":"Qu\u00e8 diu la premsa sobre FAIN Ascensors? Troba totes les not\u00edcies relatives a la nostra empresa en aquesta p\u00e0gina.","breadcrumb":{"@id":"https:\/\/fain.es\/ca\/qui-som\/premsa\/#breadcrumb"},"inLanguage":"ca","potentialAction":[{"@type":"ReadAction","target":["https:\/\/fain.es\/ca\/qui-som\/premsa\/"]}]},{"@type":"BreadcrumbList","@id":"https:\/\/fain.es\/ca\/qui-som\/premsa\/#breadcrumb","itemListElement":[{"@type":"ListItem","position":1,"name":"Portada","item":"https:\/\/fain.es\/ca\/fain-ascensors\/"},{"@type":"ListItem","position":2,"name":"Qui Som","item":"https:\/\/fain.es\/ca\/qui-som\/"},{"@type":"ListItem","position":3,"name":"Premsa"}]},{"@type":"WebSite","@id":"https:\/\/fain.es\/ca\/#website","url":"https:\/\/fain.es\/ca\/","name":"FAIN","description":"","potentialAction":[{"@type":"SearchAction","target":{"@type":"EntryPoint","urlTemplate":"https:\/\/fain.es\/ca\/?s={search_term_string}"},"query-input":{"@type":"PropertyValueSpecification","valueRequired":true,"valueName":"search_term_string"}}],"inLanguage":"ca"}]}},"_links":{"self":[{"href":"https:\/\/fain.es\/ca\/wp-json\/wp\/v2\/pages\/39088","targetHints":{"allow":["GET"]}}],"collection":[{"href":"https:\/\/fain.es\/ca\/wp-json\/wp\/v2\/pages"}],"about":[{"href":"https:\/\/fain.es\/ca\/wp-json\/wp\/v2\/types\/page"}],"author":[{"embeddable":true,"href":"https:\/\/fain.es\/ca\/wp-json\/wp\/v2\/users\/110141"}],"replies":[{"embeddable":true,"href":"https:\/\/fain.es\/ca\/wp-json\/wp\/v2\/comments?post=39088"}],"version-history":[{"count":2,"href":"https:\/\/fain.es\/ca\/wp-json\/wp\/v2\/pages\/39088\/revisions"}],"predecessor-version":[{"id":39132,"href":"https:\/\/fain.es\/ca\/wp-json\/wp\/v2\/pages\/39088\/revisions\/39132"}],"up":[{"embeddable":true,"href":"https:\/\/fain.es\/ca\/wp-json\/wp\/v2\/pages\/39137"}],"wp:attachment":[{"href":"https:\/\/fain.es\/ca\/wp-json\/wp\/v2\/media?parent=39088"}],"curies":[{"name":"wp","href":"https:\/\/api.w.org\/{rel}","templated":true}]}}

<p>La nostra companyia es caracteritza per la seva <strong>solidesa</strong> , el seu <strong>creixement constant</strong> i una clara vocació de <strong>llarg termini</strong> . Per si això no fos poc, tenim l&#8217;equip més ben format del sector, i entre els nostres valors destaquen el Talent, l&#8217;Empenta i la Flexibilitat.   </p>

<p><strong>Ens mouen les persones</strong> . Per això treballem per millorar-ne la qualitat de vida; especialment, la de la gent gran i amb mobilitat reduïda. </p>

<p>Estem <strong>presents en tots els àmbits</strong> : residencial, comercial, laboral i de lleure. Som capaços de donar servei a tot tipus d&#8217;equips i marques al sector de la mobilitat. </p>

<p>A més, la nostra capacitat d&#8217;incorporar prestacions de la <strong>tecnologia més alta</strong> amb productes del fabricant Mitsubishi, del qual som distribuïdor, fa de FAIN un soci rellevant per a obres i projectes de tota escala.</p>

<p>T&#8217;animes a comprovar-ho?</p>

<p>La nostra companyia es caracteritza per la seva solidesa , el seu creixement constant i una clara vocació de llarg termini . Per si això no fos poc, tenim l&#8217;equip més ben format del sector, i entre els nostres valors destaquen el Talent, l&#8217;Empenta i la Flexibilitat. Ens mouen les persones . Per això treballem [&hellip;]</p>

<!-- This site is optimized with the Yoast SEO plugin v27.5 - https://yoast.com/product/yoast-seo-wordpress/ -->
<title>Aparicions de FAIN Ascensors a Premsa - FAIN</title>
<meta name="description" content="Què diu la premsa sobre FAIN Ascensors? Troba totes les notícies relatives a la nostra empresa en aquesta pàgina." />
<meta name="robots" content="index, nofollow, max-snippet:-1, max-image-preview:large, max-video-preview:-1" />
<link rel="canonical" href="https://fain.es/ca/qui-som/premsa/" />
<meta property="og:locale" content="ca_ES" />
<meta property="og:type" content="article" />
<meta property="og:title" content="Aparicions de FAIN Ascensors a Premsa - FAIN" />
<meta property="og:description" content="Què diu la premsa sobre FAIN Ascensors? Troba totes les notícies relatives a la nostra empresa en aquesta pàgina." />
<meta property="og:url" content="https://fain.es/ca/qui-som/premsa/" />
<meta property="og:site_name" content="FAIN" />
<meta property="article:modified_time" content="2026-03-30T11:41:31+00:00" />
<meta name="twitter:card" content="summary_large_image" />
<meta name="twitter:label1" content="Temps estimat de lectura" />
	<meta name="twitter:data1" content="1 minut" />
<script type="application/ld+json" class="yoast-schema-graph">{"@context":"https:\/\/schema.org","@graph":[{"@type":"WebPage","@id":"https:\/\/fain.es\/ca\/qui-som\/premsa\/","url":"https:\/\/fain.es\/ca\/qui-som\/premsa\/","name":"Aparicions de FAIN Ascensors a Premsa - FAIN","isPartOf":{"@id":"https:\/\/fain.es\/ca\/#website"},"datePublished":"2026-01-09T10:09:30+00:00","dateModified":"2026-03-30T11:41:31+00:00","description":"Què diu la premsa sobre FAIN Ascensors? Troba totes les notícies relatives a la nostra empresa en aquesta pàgina.","breadcrumb":{"@id":"https:\/\/fain.es\/ca\/qui-som\/premsa\/#breadcrumb"},"inLanguage":"ca","potentialAction":[{"@type":"ReadAction","target":["https:\/\/fain.es\/ca\/qui-som\/premsa\/"]}]},{"@type":"BreadcrumbList","@id":"https:\/\/fain.es\/ca\/qui-som\/premsa\/#breadcrumb","itemListElement":[{"@type":"ListItem","position":1,"name":"Portada","item":"https:\/\/fain.es\/ca\/fain-ascensors\/"},{"@type":"ListItem","position":2,"name":"Qui Som","item":"https:\/\/fain.es\/ca\/qui-som\/"},{"@type":"ListItem","position":3,"name":"Premsa"}]},{"@type":"WebSite","@id":"https:\/\/fain.es\/ca\/#website","url":"https:\/\/fain.es\/ca\/","name":"FAIN","description":"","potentialAction":[{"@type":"SearchAction","target":{"@type":"EntryPoint","urlTemplate":"https:\/\/fain.es\/ca\/?s={search_term_string}"},"query-input":{"@type":"PropertyValueSpecification","valueRequired":true,"valueName":"search_term_string"}}],"inLanguage":"ca"}]}</script>
<!-- / Yoast SEO plugin. -->

Què diu la premsa sobre FAIN Ascensors? Troba totes les notícies relatives a la nostra empresa en aquesta pàgina.
