{"id":49421,"date":"2026-01-22T14:10:29","date_gmt":"2026-01-22T13:10:29","guid":{"rendered":"https:\/\/fain.es\/obra\/metre-de-granada\/"},"modified":"2026-03-23T11:35:27","modified_gmt":"2026-03-23T10:35:27","slug":"metre-de-granada","status":"publish","type":"obra","link":"https:\/\/fain.es\/ca\/obra\/industria-i-transport\/metre-de-granada\/","title":{"rendered":"Metre de Granada"},"content":{"rendered":"\n<p>El 2017 se&#8217;ns va adjudicar la instal\u00b7laci\u00f3 de tots els ascensors i escales mec\u00e0niques del Metro de Granada. La infraestructura connecta els llocs d&#8217;inter\u00e8s principals de l&#8217;\u00e0rea metropolitana (la capital i les poblacions d&#8217;Albolote, Maracena i Armilla) a trav\u00e9s d&#8217;un recorregut de 16 quil\u00f2metres amb 26 parades. <\/p>\n\n<p>Aquest recorregut d\u00f3na cobertura especialment a punts clau d&#8217;especial inter\u00e8s per al ciutad\u00e0: els Hospitals Universitaris Verge de les Neus, Sant Cecili i el Parc Tecnol\u00f2gic, les diferents facultats de la Universitat de Granada, la zona esportiva del Nou Estadi Los C\u00e1rmenes i el Palau Municipal d&#8217;Esports, o el Parc Tecnol\u00f2gic.<\/p>\n\n<p>Cal destacar que les obres del Metropolit\u00e0 de Granada van incloure la reurbanitzaci\u00f3 dels carrers i les avingudes afectades pel tra\u00e7at. D&#8217;aquesta manera, el mateix metro va contribuir a la transformaci\u00f3 urban\u00edstica de les ciutats per on discorre. <\/p>\n","protected":false},"excerpt":{"rendered":"<p>El 2017 se&#8217;ns va adjudicar la instal\u00b7laci\u00f3 de tots els ascensors i escales mec\u00e0niques del Metro de Granada. La infraestructura connecta els llocs d&#8217;inter\u00e8s principals de l&#8217;\u00e0rea metropolitana (la capital i les poblacions d&#8217;Albolote, Maracena i Armilla) a trav\u00e9s d&#8217;un recorregut de 16 quil\u00f2metres amb 26 parades. Aquest recorregut d\u00f3na cobertura especialment a punts clau [&hellip;]<\/p>\n","protected":false},"author":110141,"parent":49569,"menu_order":3,"template":"","class_list":["post-49421","obra","type-obra","status-publish","hentry"],"acf":[],"yoast_head":"<!-- This site is optimized with the Yoast SEO plugin v27.4 - https:\/\/yoast.com\/product\/yoast-seo-wordpress\/ -->\n<title>Ascensors i escales mec\u00e0niques a Metre de Granada - FAIN<\/title>\n<meta name=\"description\" content=\"La infraestructura connecta els llocs d&#039;inter\u00e8s principals de l&#039;\u00e0rea metropolitana (la capital i les poblacions d&#039;Albolote, Maracena i Armilla).\" \/>\n<meta name=\"robots\" content=\"index, follow, max-snippet:-1, max-image-preview:large, max-video-preview:-1\" \/>\n<link rel=\"canonical\" href=\"https:\/\/fain.es\/ca\/obra\/industria-i-transport\/metre-de-granada\/\" \/>\n<meta property=\"og:locale\" content=\"ca_ES\" \/>\n<meta property=\"og:type\" content=\"article\" \/>\n<meta property=\"og:title\" content=\"Ascensors i escales mec\u00e0niques a Metre de Granada - FAIN\" \/>\n<meta property=\"og:description\" content=\"La infraestructura connecta els llocs d&#039;inter\u00e8s principals de l&#039;\u00e0rea metropolitana (la capital i les poblacions d&#039;Albolote, Maracena i Armilla).\" \/>\n<meta property=\"og:url\" content=\"https:\/\/fain.es\/ca\/obra\/industria-i-transport\/metre-de-granada\/\" \/>\n<meta property=\"og:site_name\" content=\"FAIN\" \/>\n<meta property=\"article:modified_time\" content=\"2026-03-23T10:35:27+00:00\" \/>\n<meta name=\"twitter:card\" content=\"summary_large_image\" \/>\n<meta name=\"twitter:label1\" content=\"Temps estimat de lectura\" \/>\n\t<meta name=\"twitter:data1\" content=\"1 minut\" \/>\n<script type=\"application\/ld+json\" class=\"yoast-schema-graph\">{\"@context\":\"https:\\\/\\\/schema.org\",\"@graph\":[{\"@type\":\"WebPage\",\"@id\":\"https:\\\/\\\/fain.es\\\/ca\\\/obra\\\/industria-i-transport\\\/metre-de-granada\\\/\",\"url\":\"https:\\\/\\\/fain.es\\\/ca\\\/obra\\\/industria-i-transport\\\/metre-de-granada\\\/\",\"name\":\"Ascensors i escales mec\u00e0niques a Metre de Granada - FAIN\",\"isPartOf\":{\"@id\":\"https:\\\/\\\/fain.es\\\/ca\\\/#website\"},\"datePublished\":\"2026-01-22T13:10:29+00:00\",\"dateModified\":\"2026-03-23T10:35:27+00:00\",\"description\":\"La infraestructura connecta els llocs d'inter\u00e8s principals de l'\u00e0rea metropolitana (la capital i les poblacions d'Albolote, Maracena i Armilla).\",\"breadcrumb\":{\"@id\":\"https:\\\/\\\/fain.es\\\/ca\\\/obra\\\/industria-i-transport\\\/metre-de-granada\\\/#breadcrumb\"},\"inLanguage\":\"ca\",\"potentialAction\":[{\"@type\":\"ReadAction\",\"target\":[\"https:\\\/\\\/fain.es\\\/ca\\\/obra\\\/industria-i-transport\\\/metre-de-granada\\\/\"]}]},{\"@type\":\"BreadcrumbList\",\"@id\":\"https:\\\/\\\/fain.es\\\/ca\\\/obra\\\/industria-i-transport\\\/metre-de-granada\\\/#breadcrumb\",\"itemListElement\":[{\"@type\":\"ListItem\",\"position\":1,\"name\":\"Portada\",\"item\":\"https:\\\/\\\/fain.es\\\/ca\\\/fain-ascensors\\\/\"},{\"@type\":\"ListItem\",\"position\":2,\"name\":\"Ind\u00fastria i transport\",\"item\":\"https:\\\/\\\/fain.es\\\/ca\\\/obra\\\/industria-i-transport\\\/\"},{\"@type\":\"ListItem\",\"position\":3,\"name\":\"Metre de Granada\"}]},{\"@type\":\"WebSite\",\"@id\":\"https:\\\/\\\/fain.es\\\/ca\\\/#website\",\"url\":\"https:\\\/\\\/fain.es\\\/ca\\\/\",\"name\":\"FAIN\",\"description\":\"\",\"potentialAction\":[{\"@type\":\"SearchAction\",\"target\":{\"@type\":\"EntryPoint\",\"urlTemplate\":\"https:\\\/\\\/fain.es\\\/ca\\\/?s={search_term_string}\"},\"query-input\":{\"@type\":\"PropertyValueSpecification\",\"valueRequired\":true,\"valueName\":\"search_term_string\"}}],\"inLanguage\":\"ca\"}]}<\/script>\n<!-- \/ Yoast SEO plugin. -->","yoast_head_json":{"title":"Ascensors i escales mec\u00e0niques a Metre de Granada - FAIN","description":"La infraestructura connecta els llocs d'inter\u00e8s principals de l'\u00e0rea metropolitana (la capital i les poblacions d'Albolote, Maracena i Armilla).","robots":{"index":"index","follow":"follow","max-snippet":"max-snippet:-1","max-image-preview":"max-image-preview:large","max-video-preview":"max-video-preview:-1"},"canonical":"https:\/\/fain.es\/ca\/obra\/industria-i-transport\/metre-de-granada\/","og_locale":"ca_ES","og_type":"article","og_title":"Ascensors i escales mec\u00e0niques a Metre de Granada - FAIN","og_description":"La infraestructura connecta els llocs d'inter\u00e8s principals de l'\u00e0rea metropolitana (la capital i les poblacions d'Albolote, Maracena i Armilla).","og_url":"https:\/\/fain.es\/ca\/obra\/industria-i-transport\/metre-de-granada\/","og_site_name":"FAIN","article_modified_time":"2026-03-23T10:35:27+00:00","twitter_card":"summary_large_image","twitter_misc":{"Temps estimat de lectura":"1 minut"},"schema":{"@context":"https:\/\/schema.org","@graph":[{"@type":"WebPage","@id":"https:\/\/fain.es\/ca\/obra\/industria-i-transport\/metre-de-granada\/","url":"https:\/\/fain.es\/ca\/obra\/industria-i-transport\/metre-de-granada\/","name":"Ascensors i escales mec\u00e0niques a Metre de Granada - FAIN","isPartOf":{"@id":"https:\/\/fain.es\/ca\/#website"},"datePublished":"2026-01-22T13:10:29+00:00","dateModified":"2026-03-23T10:35:27+00:00","description":"La infraestructura connecta els llocs d'inter\u00e8s principals de l'\u00e0rea metropolitana (la capital i les poblacions d'Albolote, Maracena i Armilla).","breadcrumb":{"@id":"https:\/\/fain.es\/ca\/obra\/industria-i-transport\/metre-de-granada\/#breadcrumb"},"inLanguage":"ca","potentialAction":[{"@type":"ReadAction","target":["https:\/\/fain.es\/ca\/obra\/industria-i-transport\/metre-de-granada\/"]}]},{"@type":"BreadcrumbList","@id":"https:\/\/fain.es\/ca\/obra\/industria-i-transport\/metre-de-granada\/#breadcrumb","itemListElement":[{"@type":"ListItem","position":1,"name":"Portada","item":"https:\/\/fain.es\/ca\/fain-ascensors\/"},{"@type":"ListItem","position":2,"name":"Ind\u00fastria i transport","item":"https:\/\/fain.es\/ca\/obra\/industria-i-transport\/"},{"@type":"ListItem","position":3,"name":"Metre de Granada"}]},{"@type":"WebSite","@id":"https:\/\/fain.es\/ca\/#website","url":"https:\/\/fain.es\/ca\/","name":"FAIN","description":"","potentialAction":[{"@type":"SearchAction","target":{"@type":"EntryPoint","urlTemplate":"https:\/\/fain.es\/ca\/?s={search_term_string}"},"query-input":{"@type":"PropertyValueSpecification","valueRequired":true,"valueName":"search_term_string"}}],"inLanguage":"ca"}]}},"_links":{"self":[{"href":"https:\/\/fain.es\/ca\/wp-json\/wp\/v2\/obra\/49421","targetHints":{"allow":["GET"]}}],"collection":[{"href":"https:\/\/fain.es\/ca\/wp-json\/wp\/v2\/obra"}],"about":[{"href":"https:\/\/fain.es\/ca\/wp-json\/wp\/v2\/types\/obra"}],"author":[{"embeddable":true,"href":"https:\/\/fain.es\/ca\/wp-json\/wp\/v2\/users\/110141"}],"version-history":[{"count":1,"href":"https:\/\/fain.es\/ca\/wp-json\/wp\/v2\/obra\/49421\/revisions"}],"predecessor-version":[{"id":49459,"href":"https:\/\/fain.es\/ca\/wp-json\/wp\/v2\/obra\/49421\/revisions\/49459"}],"up":[{"embeddable":true,"href":"https:\/\/fain.es\/ca\/wp-json\/wp\/v2\/obra\/49569"}],"wp:attachment":[{"href":"https:\/\/fain.es\/ca\/wp-json\/wp\/v2\/media?parent=49421"}],"curies":[{"name":"wp","href":"https:\/\/api.w.org\/{rel}","templated":true}]}}

<p>El 2017 se&#8217;ns va adjudicar la instal·lació de tots els ascensors i escales mecàniques del Metro de Granada. La infraestructura connecta els llocs d&#8217;interès principals de l&#8217;àrea metropolitana (la capital i les poblacions d&#8217;Albolote, Maracena i Armilla) a través d&#8217;un recorregut de 16 quilòmetres amb 26 parades. </p>

<p>Aquest recorregut dóna cobertura especialment a punts clau d&#8217;especial interès per al ciutadà: els Hospitals Universitaris Verge de les Neus, Sant Cecili i el Parc Tecnològic, les diferents facultats de la Universitat de Granada, la zona esportiva del Nou Estadi Los Cármenes i el Palau Municipal d&#8217;Esports, o el Parc Tecnològic.</p>

<p>Cal destacar que les obres del Metropolità de Granada van incloure la reurbanització dels carrers i les avingudes afectades pel traçat. D&#8217;aquesta manera, el mateix metro va contribuir a la transformació urbanística de les ciutats per on discorre. </p>

<p>El 2017 se&#8217;ns va adjudicar la instal·lació de tots els ascensors i escales mecàniques del Metro de Granada. La infraestructura connecta els llocs d&#8217;interès principals de l&#8217;àrea metropolitana (la capital i les poblacions d&#8217;Albolote, Maracena i Armilla) a través d&#8217;un recorregut de 16 quilòmetres amb 26 parades. Aquest recorregut dóna cobertura especialment a punts clau [&hellip;]</p>

<!-- This site is optimized with the Yoast SEO plugin v27.4 - https://yoast.com/product/yoast-seo-wordpress/ -->
<title>Ascensors i escales mecàniques a Metre de Granada - FAIN</title>
<meta name="description" content="La infraestructura connecta els llocs d&#039;interès principals de l&#039;àrea metropolitana (la capital i les poblacions d&#039;Albolote, Maracena i Armilla)." />
<meta name="robots" content="index, follow, max-snippet:-1, max-image-preview:large, max-video-preview:-1" />
<link rel="canonical" href="https://fain.es/ca/obra/industria-i-transport/metre-de-granada/" />
<meta property="og:locale" content="ca_ES" />
<meta property="og:type" content="article" />
<meta property="og:title" content="Ascensors i escales mecàniques a Metre de Granada - FAIN" />
<meta property="og:description" content="La infraestructura connecta els llocs d&#039;interès principals de l&#039;àrea metropolitana (la capital i les poblacions d&#039;Albolote, Maracena i Armilla)." />
<meta property="og:url" content="https://fain.es/ca/obra/industria-i-transport/metre-de-granada/" />
<meta property="og:site_name" content="FAIN" />
<meta property="article:modified_time" content="2026-03-23T10:35:27+00:00" />
<meta name="twitter:card" content="summary_large_image" />
<meta name="twitter:label1" content="Temps estimat de lectura" />
	<meta name="twitter:data1" content="1 minut" />
<script type="application/ld+json" class="yoast-schema-graph">{"@context":"https:\/\/schema.org","@graph":[{"@type":"WebPage","@id":"https:\/\/fain.es\/ca\/obra\/industria-i-transport\/metre-de-granada\/","url":"https:\/\/fain.es\/ca\/obra\/industria-i-transport\/metre-de-granada\/","name":"Ascensors i escales mecàniques a Metre de Granada - FAIN","isPartOf":{"@id":"https:\/\/fain.es\/ca\/#website"},"datePublished":"2026-01-22T13:10:29+00:00","dateModified":"2026-03-23T10:35:27+00:00","description":"La infraestructura connecta els llocs d'interès principals de l'àrea metropolitana (la capital i les poblacions d'Albolote, Maracena i Armilla).","breadcrumb":{"@id":"https:\/\/fain.es\/ca\/obra\/industria-i-transport\/metre-de-granada\/#breadcrumb"},"inLanguage":"ca","potentialAction":[{"@type":"ReadAction","target":["https:\/\/fain.es\/ca\/obra\/industria-i-transport\/metre-de-granada\/"]}]},{"@type":"BreadcrumbList","@id":"https:\/\/fain.es\/ca\/obra\/industria-i-transport\/metre-de-granada\/#breadcrumb","itemListElement":[{"@type":"ListItem","position":1,"name":"Portada","item":"https:\/\/fain.es\/ca\/fain-ascensors\/"},{"@type":"ListItem","position":2,"name":"Indústria i transport","item":"https:\/\/fain.es\/ca\/obra\/industria-i-transport\/"},{"@type":"ListItem","position":3,"name":"Metre de Granada"}]},{"@type":"WebSite","@id":"https:\/\/fain.es\/ca\/#website","url":"https:\/\/fain.es\/ca\/","name":"FAIN","description":"","potentialAction":[{"@type":"SearchAction","target":{"@type":"EntryPoint","urlTemplate":"https:\/\/fain.es\/ca\/?s={search_term_string}"},"query-input":{"@type":"PropertyValueSpecification","valueRequired":true,"valueName":"search_term_string"}}],"inLanguage":"ca"}]}</script>
<!-- / Yoast SEO plugin. -->

Ascensors i escales mecàniques a Metre de Granada - FAIN

La infraestructura connecta els llocs d'interès principals de l'àrea metropolitana (la capital i les poblacions d'Albolote, Maracena i Armilla).

Indústria i transport
