{"id":53945,"date":"2026-04-30T17:03:59","date_gmt":"2026-04-30T15:03:59","guid":{"rendered":"https:\/\/fain.es\/?post_type=delegacion&#038;p=53945"},"modified":"2026-04-30T17:03:59","modified_gmt":"2026-04-30T15:03:59","slug":"ascensors-a-calp","status":"publish","type":"delegacion","link":"https:\/\/fain.es\/ca\/delegacio\/delegacio-alacant\/ascensors-a-calp\/","title":{"rendered":"Ascensors a Calp"},"content":{"rendered":"","protected":false},"excerpt":{"rendered":"<p>A FAIN proporcionem instal\u00b7laci\u00f3, modernitzaci\u00f3 i manteniment d&#8217;ascensors a Benidorm. Contacta amb nosaltres les 24 hores del dia. <\/p>\n","protected":false},"author":110141,"parent":51165,"menu_order":0,"template":"","class_list":["post-53945","delegacion","type-delegacion","status-publish","hentry"],"acf":[],"yoast_head":"<!-- This site is optimized with the Yoast SEO plugin v27.5 - https:\/\/yoast.com\/product\/yoast-seo-wordpress\/ -->\n<title>Manteniment i Instal\u00b7laci\u00f3 d&#039;ascensors a Calp | FAIN<\/title>\n<meta name=\"description\" content=\"Servei professional d&#039;ascensors a Calp amb manteniment, instal\u00b7laci\u00f3, reparaci\u00f3 i modernitzaci\u00f3. Atenci\u00f3 propera les 24 hores.\" \/>\n<meta name=\"robots\" content=\"index, follow, max-snippet:-1, max-image-preview:large, max-video-preview:-1\" \/>\n<link rel=\"canonical\" href=\"https:\/\/fain.es\/ca\/delegacio\/delegacio-alacant\/ascensors-a-calp\/\" \/>\n<meta property=\"og:locale\" content=\"ca_ES\" \/>\n<meta property=\"og:type\" content=\"article\" \/>\n<meta property=\"og:title\" content=\"Manteniment i Instal\u00b7laci\u00f3 d&#039;ascensors a Calp | FAIN\" \/>\n<meta property=\"og:description\" content=\"Servei professional d&#039;ascensors a Calp amb manteniment, instal\u00b7laci\u00f3, reparaci\u00f3 i modernitzaci\u00f3. Atenci\u00f3 propera les 24 hores.\" \/>\n<meta property=\"og:url\" content=\"https:\/\/fain.es\/ca\/delegacio\/delegacio-alacant\/ascensors-a-calp\/\" \/>\n<meta property=\"og:site_name\" content=\"FAIN\" \/>\n<meta name=\"twitter:card\" content=\"summary_large_image\" \/>\n<script type=\"application\/ld+json\" class=\"yoast-schema-graph\">{\"@context\":\"https:\\\/\\\/schema.org\",\"@graph\":[{\"@type\":\"WebPage\",\"@id\":\"https:\\\/\\\/fain.es\\\/ca\\\/delegacio\\\/delegacio-alacant\\\/ascensors-a-calp\\\/\",\"url\":\"https:\\\/\\\/fain.es\\\/ca\\\/delegacio\\\/delegacio-alacant\\\/ascensors-a-calp\\\/\",\"name\":\"Manteniment i Instal\u00b7laci\u00f3 d'ascensors a Calp | FAIN\",\"isPartOf\":{\"@id\":\"https:\\\/\\\/fain.es\\\/ca\\\/#website\"},\"datePublished\":\"2026-04-30T15:03:59+00:00\",\"description\":\"Servei professional d'ascensors a Calp amb manteniment, instal\u00b7laci\u00f3, reparaci\u00f3 i modernitzaci\u00f3. Atenci\u00f3 propera les 24 hores.\",\"breadcrumb\":{\"@id\":\"https:\\\/\\\/fain.es\\\/ca\\\/delegacio\\\/delegacio-alacant\\\/ascensors-a-calp\\\/#breadcrumb\"},\"inLanguage\":\"ca\",\"potentialAction\":[{\"@type\":\"ReadAction\",\"target\":[\"https:\\\/\\\/fain.es\\\/ca\\\/delegacio\\\/delegacio-alacant\\\/ascensors-a-calp\\\/\"]}]},{\"@type\":\"BreadcrumbList\",\"@id\":\"https:\\\/\\\/fain.es\\\/ca\\\/delegacio\\\/delegacio-alacant\\\/ascensors-a-calp\\\/#breadcrumb\",\"itemListElement\":[{\"@type\":\"ListItem\",\"position\":1,\"name\":\"Portada\",\"item\":\"https:\\\/\\\/fain.es\\\/ca\\\/fain-ascensors\\\/\"},{\"@type\":\"ListItem\",\"position\":2,\"name\":\"Delegaci\u00f3 Alacant\",\"item\":\"https:\\\/\\\/fain.es\\\/ca\\\/delegacio\\\/delegacio-alacant\\\/\"},{\"@type\":\"ListItem\",\"position\":3,\"name\":\"Ascensors a Calp\"}]},{\"@type\":\"WebSite\",\"@id\":\"https:\\\/\\\/fain.es\\\/ca\\\/#website\",\"url\":\"https:\\\/\\\/fain.es\\\/ca\\\/\",\"name\":\"FAIN\",\"description\":\"\",\"potentialAction\":[{\"@type\":\"SearchAction\",\"target\":{\"@type\":\"EntryPoint\",\"urlTemplate\":\"https:\\\/\\\/fain.es\\\/ca\\\/?s={search_term_string}\"},\"query-input\":{\"@type\":\"PropertyValueSpecification\",\"valueRequired\":true,\"valueName\":\"search_term_string\"}}],\"inLanguage\":\"ca\"}]}<\/script>\n<!-- \/ Yoast SEO plugin. -->","yoast_head_json":{"title":"Manteniment i Instal\u00b7laci\u00f3 d'ascensors a Calp | FAIN","description":"Servei professional d'ascensors a Calp amb manteniment, instal\u00b7laci\u00f3, reparaci\u00f3 i modernitzaci\u00f3. Atenci\u00f3 propera les 24 hores.","robots":{"index":"index","follow":"follow","max-snippet":"max-snippet:-1","max-image-preview":"max-image-preview:large","max-video-preview":"max-video-preview:-1"},"canonical":"https:\/\/fain.es\/ca\/delegacio\/delegacio-alacant\/ascensors-a-calp\/","og_locale":"ca_ES","og_type":"article","og_title":"Manteniment i Instal\u00b7laci\u00f3 d'ascensors a Calp | FAIN","og_description":"Servei professional d'ascensors a Calp amb manteniment, instal\u00b7laci\u00f3, reparaci\u00f3 i modernitzaci\u00f3. Atenci\u00f3 propera les 24 hores.","og_url":"https:\/\/fain.es\/ca\/delegacio\/delegacio-alacant\/ascensors-a-calp\/","og_site_name":"FAIN","twitter_card":"summary_large_image","schema":{"@context":"https:\/\/schema.org","@graph":[{"@type":"WebPage","@id":"https:\/\/fain.es\/ca\/delegacio\/delegacio-alacant\/ascensors-a-calp\/","url":"https:\/\/fain.es\/ca\/delegacio\/delegacio-alacant\/ascensors-a-calp\/","name":"Manteniment i Instal\u00b7laci\u00f3 d'ascensors a Calp | FAIN","isPartOf":{"@id":"https:\/\/fain.es\/ca\/#website"},"datePublished":"2026-04-30T15:03:59+00:00","description":"Servei professional d'ascensors a Calp amb manteniment, instal\u00b7laci\u00f3, reparaci\u00f3 i modernitzaci\u00f3. Atenci\u00f3 propera les 24 hores.","breadcrumb":{"@id":"https:\/\/fain.es\/ca\/delegacio\/delegacio-alacant\/ascensors-a-calp\/#breadcrumb"},"inLanguage":"ca","potentialAction":[{"@type":"ReadAction","target":["https:\/\/fain.es\/ca\/delegacio\/delegacio-alacant\/ascensors-a-calp\/"]}]},{"@type":"BreadcrumbList","@id":"https:\/\/fain.es\/ca\/delegacio\/delegacio-alacant\/ascensors-a-calp\/#breadcrumb","itemListElement":[{"@type":"ListItem","position":1,"name":"Portada","item":"https:\/\/fain.es\/ca\/fain-ascensors\/"},{"@type":"ListItem","position":2,"name":"Delegaci\u00f3 Alacant","item":"https:\/\/fain.es\/ca\/delegacio\/delegacio-alacant\/"},{"@type":"ListItem","position":3,"name":"Ascensors a Calp"}]},{"@type":"WebSite","@id":"https:\/\/fain.es\/ca\/#website","url":"https:\/\/fain.es\/ca\/","name":"FAIN","description":"","potentialAction":[{"@type":"SearchAction","target":{"@type":"EntryPoint","urlTemplate":"https:\/\/fain.es\/ca\/?s={search_term_string}"},"query-input":{"@type":"PropertyValueSpecification","valueRequired":true,"valueName":"search_term_string"}}],"inLanguage":"ca"}]}},"_links":{"self":[{"href":"https:\/\/fain.es\/ca\/wp-json\/wp\/v2\/delegacion\/53945","targetHints":{"allow":["GET"]}}],"collection":[{"href":"https:\/\/fain.es\/ca\/wp-json\/wp\/v2\/delegacion"}],"about":[{"href":"https:\/\/fain.es\/ca\/wp-json\/wp\/v2\/types\/delegacion"}],"author":[{"embeddable":true,"href":"https:\/\/fain.es\/ca\/wp-json\/wp\/v2\/users\/110141"}],"version-history":[{"count":1,"href":"https:\/\/fain.es\/ca\/wp-json\/wp\/v2\/delegacion\/53945\/revisions"}],"predecessor-version":[{"id":53955,"href":"https:\/\/fain.es\/ca\/wp-json\/wp\/v2\/delegacion\/53945\/revisions\/53955"}],"up":[{"embeddable":true,"href":"https:\/\/fain.es\/ca\/wp-json\/wp\/v2\/delegacion\/51165"}],"wp:attachment":[{"href":"https:\/\/fain.es\/ca\/wp-json\/wp\/v2\/media?parent=53945"}],"curies":[{"name":"wp","href":"https:\/\/api.w.org\/{rel}","templated":true}]}}

<p>A FAIN proporcionem instal·lació, modernització i manteniment d&#8217;ascensors a Benidorm. Contacta amb nosaltres les 24 hores del dia. </p>

<!-- This site is optimized with the Yoast SEO plugin v27.5 - https://yoast.com/product/yoast-seo-wordpress/ -->
<title>Manteniment i Instal·lació d&#039;ascensors a Calp | FAIN</title>
<meta name="description" content="Servei professional d&#039;ascensors a Calp amb manteniment, instal·lació, reparació i modernització. Atenció propera les 24 hores." />
<meta name="robots" content="index, follow, max-snippet:-1, max-image-preview:large, max-video-preview:-1" />
<link rel="canonical" href="https://fain.es/ca/delegacio/delegacio-alacant/ascensors-a-calp/" />
<meta property="og:locale" content="ca_ES" />
<meta property="og:type" content="article" />
<meta property="og:title" content="Manteniment i Instal·lació d&#039;ascensors a Calp | FAIN" />
<meta property="og:description" content="Servei professional d&#039;ascensors a Calp amb manteniment, instal·lació, reparació i modernització. Atenció propera les 24 hores." />
<meta property="og:url" content="https://fain.es/ca/delegacio/delegacio-alacant/ascensors-a-calp/" />
<meta property="og:site_name" content="FAIN" />
<meta name="twitter:card" content="summary_large_image" />
<script type="application/ld+json" class="yoast-schema-graph">{"@context":"https:\/\/schema.org","@graph":[{"@type":"WebPage","@id":"https:\/\/fain.es\/ca\/delegacio\/delegacio-alacant\/ascensors-a-calp\/","url":"https:\/\/fain.es\/ca\/delegacio\/delegacio-alacant\/ascensors-a-calp\/","name":"Manteniment i Instal·lació d'ascensors a Calp | FAIN","isPartOf":{"@id":"https:\/\/fain.es\/ca\/#website"},"datePublished":"2026-04-30T15:03:59+00:00","description":"Servei professional d'ascensors a Calp amb manteniment, instal·lació, reparació i modernització. Atenció propera les 24 hores.","breadcrumb":{"@id":"https:\/\/fain.es\/ca\/delegacio\/delegacio-alacant\/ascensors-a-calp\/#breadcrumb"},"inLanguage":"ca","potentialAction":[{"@type":"ReadAction","target":["https:\/\/fain.es\/ca\/delegacio\/delegacio-alacant\/ascensors-a-calp\/"]}]},{"@type":"BreadcrumbList","@id":"https:\/\/fain.es\/ca\/delegacio\/delegacio-alacant\/ascensors-a-calp\/#breadcrumb","itemListElement":[{"@type":"ListItem","position":1,"name":"Portada","item":"https:\/\/fain.es\/ca\/fain-ascensors\/"},{"@type":"ListItem","position":2,"name":"Delegació Alacant","item":"https:\/\/fain.es\/ca\/delegacio\/delegacio-alacant\/"},{"@type":"ListItem","position":3,"name":"Ascensors a Calp"}]},{"@type":"WebSite","@id":"https:\/\/fain.es\/ca\/#website","url":"https:\/\/fain.es\/ca\/","name":"FAIN","description":"","potentialAction":[{"@type":"SearchAction","target":{"@type":"EntryPoint","urlTemplate":"https:\/\/fain.es\/ca\/?s={search_term_string}"},"query-input":{"@type":"PropertyValueSpecification","valueRequired":true,"valueName":"search_term_string"}}],"inLanguage":"ca"}]}</script>
<!-- / Yoast SEO plugin. -->

Manteniment i Instal·lació d'ascensors a Calp | FAIN

Servei professional d'ascensors a Calp amb manteniment, instal·lació, reparació i modernització. Atenció propera les 24 hores.

Delegació Alacant
