{"id":38616,"date":"2026-04-14T12:57:22","date_gmt":"2026-04-14T10:57:22","guid":{"rendered":"https:\/\/fain.es\/delegacion\/delegacio-gijon\/"},"modified":"2026-04-14T12:57:22","modified_gmt":"2026-04-14T10:57:22","slug":"delegacio-gijon","status":"publish","type":"delegacion","link":"https:\/\/fain.es\/ca\/delegacio\/delegacio-asturies\/delegacio-gijon\/","title":{"rendered":"Delegaci\u00f3 Gij\u00f3n"},"content":{"rendered":"\n<p>En comptar amb un contracte de <strong>manteniment d&#8217;ascensors a Gij\u00f3n<\/strong> per a la teva comunitat de ve\u00efns, <strong>assegurem la comoditat i accessibilitat<\/strong> que ofereixen aquests dispositius entre tots els ve\u00efns i la resta de persones que els facin servir. <strong>Els ascensors s\u00f3n una part essencial de la vida moderna en edificis de diverses plantes<\/strong> , i est\u00e0 considerat el transport m\u00e9s utilitzat del m\u00f3n. Per tant, treballar preventivament perqu\u00e8 el teu estigui <strong>en bon estat i funcionant de manera eficient \u00e9s fonamental per millorar la qualitat de vida dels residents<\/strong> i optimitzar-ne el valor de la propietat. <\/p>\n\n<p><\/p>\n","protected":false},"excerpt":{"rendered":"<p>En comptar amb un contracte de manteniment d&#8217;ascensors a Gij\u00f3n per a la teva comunitat de ve\u00efns, assegurem la comoditat i accessibilitat que ofereixen aquests dispositius entre tots els ve\u00efns i la resta de persones que els facin servir. Els ascensors s\u00f3n una part essencial de la vida moderna en edificis de diverses plantes , [&hellip;]<\/p>\n","protected":false},"author":110141,"parent":51090,"menu_order":0,"template":"","class_list":["post-38616","delegacion","type-delegacion","status-publish","hentry"],"acf":[],"yoast_head":"<!-- This site is optimized with the Yoast SEO plugin v27.4 - https:\/\/yoast.com\/product\/yoast-seo-wordpress\/ -->\n<title>Ascensors a Gij\u00f3n: manteniment i instal\u00b7laci\u00f3 - FAIN<\/title>\n<meta name=\"description\" content=\"FAIN arriba a Gij\u00f3n de la m\u00e0 d\u00b4Ascensors Lica, oferint un complet servei d\u00b4instal\u00b7laci\u00f3, modernitzaci\u00f3 i manteniment d\u00b4ascensors.\" \/>\n<meta name=\"robots\" content=\"index, follow, max-snippet:-1, max-image-preview:large, max-video-preview:-1\" \/>\n<link rel=\"canonical\" href=\"https:\/\/fain.es\/ca\/delegacio\/delegacio-asturies\/delegacio-gijon\/\" \/>\n<meta property=\"og:locale\" content=\"ca_ES\" \/>\n<meta property=\"og:type\" content=\"article\" \/>\n<meta property=\"og:title\" content=\"Ascensors a Gij\u00f3n: manteniment i instal\u00b7laci\u00f3 - FAIN\" \/>\n<meta property=\"og:description\" content=\"FAIN arriba a Gij\u00f3n de la m\u00e0 d\u00b4Ascensors Lica, oferint un complet servei d\u00b4instal\u00b7laci\u00f3, modernitzaci\u00f3 i manteniment d\u00b4ascensors.\" \/>\n<meta property=\"og:url\" content=\"https:\/\/fain.es\/ca\/delegacio\/delegacio-asturies\/delegacio-gijon\/\" \/>\n<meta property=\"og:site_name\" content=\"FAIN\" \/>\n<meta name=\"twitter:card\" content=\"summary_large_image\" \/>\n<meta name=\"twitter:label1\" content=\"Temps estimat de lectura\" \/>\n\t<meta name=\"twitter:data1\" content=\"1 minut\" \/>\n<script type=\"application\/ld+json\" class=\"yoast-schema-graph\">{\"@context\":\"https:\\\/\\\/schema.org\",\"@graph\":[{\"@type\":\"WebPage\",\"@id\":\"https:\\\/\\\/fain.es\\\/ca\\\/delegacio\\\/delegacio-asturies\\\/delegacio-gijon\\\/\",\"url\":\"https:\\\/\\\/fain.es\\\/ca\\\/delegacio\\\/delegacio-asturies\\\/delegacio-gijon\\\/\",\"name\":\"Ascensors a Gij\u00f3n: manteniment i instal\u00b7laci\u00f3 - FAIN\",\"isPartOf\":{\"@id\":\"https:\\\/\\\/fain.es\\\/ca\\\/#website\"},\"datePublished\":\"2026-04-14T10:57:22+00:00\",\"description\":\"FAIN arriba a Gij\u00f3n de la m\u00e0 d\u00b4Ascensors Lica, oferint un complet servei d\u00b4instal\u00b7laci\u00f3, modernitzaci\u00f3 i manteniment d\u00b4ascensors.\",\"breadcrumb\":{\"@id\":\"https:\\\/\\\/fain.es\\\/ca\\\/delegacio\\\/delegacio-asturies\\\/delegacio-gijon\\\/#breadcrumb\"},\"inLanguage\":\"ca\",\"potentialAction\":[{\"@type\":\"ReadAction\",\"target\":[\"https:\\\/\\\/fain.es\\\/ca\\\/delegacio\\\/delegacio-asturies\\\/delegacio-gijon\\\/\"]}]},{\"@type\":\"BreadcrumbList\",\"@id\":\"https:\\\/\\\/fain.es\\\/ca\\\/delegacio\\\/delegacio-asturies\\\/delegacio-gijon\\\/#breadcrumb\",\"itemListElement\":[{\"@type\":\"ListItem\",\"position\":1,\"name\":\"Portada\",\"item\":\"https:\\\/\\\/fain.es\\\/ca\\\/fain-ascensors\\\/\"},{\"@type\":\"ListItem\",\"position\":2,\"name\":\"Delegaci\u00f3 Ast\u00faries\",\"item\":\"https:\\\/\\\/fain.es\\\/ca\\\/delegacio\\\/delegacio-asturies\\\/\"},{\"@type\":\"ListItem\",\"position\":3,\"name\":\"Delegaci\u00f3 Gij\u00f3n\"}]},{\"@type\":\"WebSite\",\"@id\":\"https:\\\/\\\/fain.es\\\/ca\\\/#website\",\"url\":\"https:\\\/\\\/fain.es\\\/ca\\\/\",\"name\":\"FAIN\",\"description\":\"\",\"potentialAction\":[{\"@type\":\"SearchAction\",\"target\":{\"@type\":\"EntryPoint\",\"urlTemplate\":\"https:\\\/\\\/fain.es\\\/ca\\\/?s={search_term_string}\"},\"query-input\":{\"@type\":\"PropertyValueSpecification\",\"valueRequired\":true,\"valueName\":\"search_term_string\"}}],\"inLanguage\":\"ca\"}]}<\/script>\n<!-- \/ Yoast SEO plugin. -->","yoast_head_json":{"title":"Ascensors a Gij\u00f3n: manteniment i instal\u00b7laci\u00f3 - FAIN","description":"FAIN arriba a Gij\u00f3n de la m\u00e0 d\u00b4Ascensors Lica, oferint un complet servei d\u00b4instal\u00b7laci\u00f3, modernitzaci\u00f3 i manteniment d\u00b4ascensors.","robots":{"index":"index","follow":"follow","max-snippet":"max-snippet:-1","max-image-preview":"max-image-preview:large","max-video-preview":"max-video-preview:-1"},"canonical":"https:\/\/fain.es\/ca\/delegacio\/delegacio-asturies\/delegacio-gijon\/","og_locale":"ca_ES","og_type":"article","og_title":"Ascensors a Gij\u00f3n: manteniment i instal\u00b7laci\u00f3 - FAIN","og_description":"FAIN arriba a Gij\u00f3n de la m\u00e0 d\u00b4Ascensors Lica, oferint un complet servei d\u00b4instal\u00b7laci\u00f3, modernitzaci\u00f3 i manteniment d\u00b4ascensors.","og_url":"https:\/\/fain.es\/ca\/delegacio\/delegacio-asturies\/delegacio-gijon\/","og_site_name":"FAIN","twitter_card":"summary_large_image","twitter_misc":{"Temps estimat de lectura":"1 minut"},"schema":{"@context":"https:\/\/schema.org","@graph":[{"@type":"WebPage","@id":"https:\/\/fain.es\/ca\/delegacio\/delegacio-asturies\/delegacio-gijon\/","url":"https:\/\/fain.es\/ca\/delegacio\/delegacio-asturies\/delegacio-gijon\/","name":"Ascensors a Gij\u00f3n: manteniment i instal\u00b7laci\u00f3 - FAIN","isPartOf":{"@id":"https:\/\/fain.es\/ca\/#website"},"datePublished":"2026-04-14T10:57:22+00:00","description":"FAIN arriba a Gij\u00f3n de la m\u00e0 d\u00b4Ascensors Lica, oferint un complet servei d\u00b4instal\u00b7laci\u00f3, modernitzaci\u00f3 i manteniment d\u00b4ascensors.","breadcrumb":{"@id":"https:\/\/fain.es\/ca\/delegacio\/delegacio-asturies\/delegacio-gijon\/#breadcrumb"},"inLanguage":"ca","potentialAction":[{"@type":"ReadAction","target":["https:\/\/fain.es\/ca\/delegacio\/delegacio-asturies\/delegacio-gijon\/"]}]},{"@type":"BreadcrumbList","@id":"https:\/\/fain.es\/ca\/delegacio\/delegacio-asturies\/delegacio-gijon\/#breadcrumb","itemListElement":[{"@type":"ListItem","position":1,"name":"Portada","item":"https:\/\/fain.es\/ca\/fain-ascensors\/"},{"@type":"ListItem","position":2,"name":"Delegaci\u00f3 Ast\u00faries","item":"https:\/\/fain.es\/ca\/delegacio\/delegacio-asturies\/"},{"@type":"ListItem","position":3,"name":"Delegaci\u00f3 Gij\u00f3n"}]},{"@type":"WebSite","@id":"https:\/\/fain.es\/ca\/#website","url":"https:\/\/fain.es\/ca\/","name":"FAIN","description":"","potentialAction":[{"@type":"SearchAction","target":{"@type":"EntryPoint","urlTemplate":"https:\/\/fain.es\/ca\/?s={search_term_string}"},"query-input":{"@type":"PropertyValueSpecification","valueRequired":true,"valueName":"search_term_string"}}],"inLanguage":"ca"}]}},"_links":{"self":[{"href":"https:\/\/fain.es\/ca\/wp-json\/wp\/v2\/delegacion\/38616","targetHints":{"allow":["GET"]}}],"collection":[{"href":"https:\/\/fain.es\/ca\/wp-json\/wp\/v2\/delegacion"}],"about":[{"href":"https:\/\/fain.es\/ca\/wp-json\/wp\/v2\/types\/delegacion"}],"author":[{"embeddable":true,"href":"https:\/\/fain.es\/ca\/wp-json\/wp\/v2\/users\/110141"}],"version-history":[{"count":2,"href":"https:\/\/fain.es\/ca\/wp-json\/wp\/v2\/delegacion\/38616\/revisions"}],"predecessor-version":[{"id":38622,"href":"https:\/\/fain.es\/ca\/wp-json\/wp\/v2\/delegacion\/38616\/revisions\/38622"}],"up":[{"embeddable":true,"href":"https:\/\/fain.es\/ca\/wp-json\/wp\/v2\/delegacion\/51090"}],"wp:attachment":[{"href":"https:\/\/fain.es\/ca\/wp-json\/wp\/v2\/media?parent=38616"}],"curies":[{"name":"wp","href":"https:\/\/api.w.org\/{rel}","templated":true}]}}

Delegació Gijón

<p>En comptar amb un contracte de <strong>manteniment d&#8217;ascensors a Gijón</strong> per a la teva comunitat de veïns, <strong>assegurem la comoditat i accessibilitat</strong> que ofereixen aquests dispositius entre tots els veïns i la resta de persones que els facin servir. <strong>Els ascensors són una part essencial de la vida moderna en edificis de diverses plantes</strong> , i està considerat el transport més utilitzat del món. Per tant, treballar preventivament perquè el teu estigui <strong>en bon estat i funcionant de manera eficient és fonamental per millorar la qualitat de vida dels residents</strong> i optimitzar-ne el valor de la propietat. </p>

<p></p>

<p>En comptar amb un contracte de manteniment d&#8217;ascensors a Gijón per a la teva comunitat de veïns, assegurem la comoditat i accessibilitat que ofereixen aquests dispositius entre tots els veïns i la resta de persones que els facin servir. Els ascensors són una part essencial de la vida moderna en edificis de diverses plantes , [&hellip;]</p>

<!-- This site is optimized with the Yoast SEO plugin v27.4 - https://yoast.com/product/yoast-seo-wordpress/ -->
<title>Ascensors a Gijón: manteniment i instal·lació - FAIN</title>
<meta name="description" content="FAIN arriba a Gijón de la mà d´Ascensors Lica, oferint un complet servei d´instal·lació, modernització i manteniment d´ascensors." />
<meta name="robots" content="index, follow, max-snippet:-1, max-image-preview:large, max-video-preview:-1" />
<link rel="canonical" href="https://fain.es/ca/delegacio/delegacio-asturies/delegacio-gijon/" />
<meta property="og:locale" content="ca_ES" />
<meta property="og:type" content="article" />
<meta property="og:title" content="Ascensors a Gijón: manteniment i instal·lació - FAIN" />
<meta property="og:description" content="FAIN arriba a Gijón de la mà d´Ascensors Lica, oferint un complet servei d´instal·lació, modernització i manteniment d´ascensors." />
<meta property="og:url" content="https://fain.es/ca/delegacio/delegacio-asturies/delegacio-gijon/" />
<meta property="og:site_name" content="FAIN" />
<meta name="twitter:card" content="summary_large_image" />
<meta name="twitter:label1" content="Temps estimat de lectura" />
	<meta name="twitter:data1" content="1 minut" />
<script type="application/ld+json" class="yoast-schema-graph">{"@context":"https:\/\/schema.org","@graph":[{"@type":"WebPage","@id":"https:\/\/fain.es\/ca\/delegacio\/delegacio-asturies\/delegacio-gijon\/","url":"https:\/\/fain.es\/ca\/delegacio\/delegacio-asturies\/delegacio-gijon\/","name":"Ascensors a Gijón: manteniment i instal·lació - FAIN","isPartOf":{"@id":"https:\/\/fain.es\/ca\/#website"},"datePublished":"2026-04-14T10:57:22+00:00","description":"FAIN arriba a Gijón de la mà d´Ascensors Lica, oferint un complet servei d´instal·lació, modernització i manteniment d´ascensors.","breadcrumb":{"@id":"https:\/\/fain.es\/ca\/delegacio\/delegacio-asturies\/delegacio-gijon\/#breadcrumb"},"inLanguage":"ca","potentialAction":[{"@type":"ReadAction","target":["https:\/\/fain.es\/ca\/delegacio\/delegacio-asturies\/delegacio-gijon\/"]}]},{"@type":"BreadcrumbList","@id":"https:\/\/fain.es\/ca\/delegacio\/delegacio-asturies\/delegacio-gijon\/#breadcrumb","itemListElement":[{"@type":"ListItem","position":1,"name":"Portada","item":"https:\/\/fain.es\/ca\/fain-ascensors\/"},{"@type":"ListItem","position":2,"name":"Delegació Astúries","item":"https:\/\/fain.es\/ca\/delegacio\/delegacio-asturies\/"},{"@type":"ListItem","position":3,"name":"Delegació Gijón"}]},{"@type":"WebSite","@id":"https:\/\/fain.es\/ca\/#website","url":"https:\/\/fain.es\/ca\/","name":"FAIN","description":"","potentialAction":[{"@type":"SearchAction","target":{"@type":"EntryPoint","urlTemplate":"https:\/\/fain.es\/ca\/?s={search_term_string}"},"query-input":{"@type":"PropertyValueSpecification","valueRequired":true,"valueName":"search_term_string"}}],"inLanguage":"ca"}]}</script>
<!-- / Yoast SEO plugin. -->

Ascensors a Gijón: manteniment i instal·lació - FAIN

FAIN arriba a Gijón de la mà d´Ascensors Lica, oferint un complet servei d´instal·lació, modernització i manteniment d´ascensors.

Delegació Astúries
